 + -1721. Calculate the remainder when t is divided by p.
0
Suppose -2*l + l + 4 = 0. What is the remainder when (78 - 3) + -1 + l is divided by (13/((-104)/168))/(-1)?
15
Let l(f) = -9*f**2 - f + 42. Calculate the remainder when 39 is divided by l(2).
3
Let u = -11 + 18. Let d = u - -9. Suppose -327 = -4*k + 5*o, -72 = 40*k - 41*k - 2*o. What is the remainder when k is divided by d?
14
Suppose 3727 = x - 5*c, 7478 = 2*x - 58*c + 60*c. Calculate the remainder when x is divided by 55.
52
Suppose -37*t = -12887 + 399 + 759. What is the remainder when t is divided by 43?
16
Suppose 9173 + 646 = 62*q - 349. Calculate the remainder when 2459 is divided by q.
163
Let y = -37188 + 37285. Calculate the remainder when 2704 is divided by y.
85
Let c(k) = 2*k**3 - 146*k**2 - 142*k - 386. Let d = -3 + 15. Suppose 0 = -3*n + 2*n + d. Calculate the remainder when c(74) is divided by n.
10
Suppose 0 = 2*j - 4*j + 216. Suppose 3*z - 144 = 27*z. What is the remainder when j is divided by 1/(z/(672/(-7)))?
12
Let z = -80 - -68. What is the remainder when 27 is divided by z*(132/(-18) + 7)?
3
Suppose 22*c = 23*c - 9. Let a(t) = 13*t - 114. What is the remainder when 72 is divided by a(c)?
0
Suppose 21*r + 4*l + 29732 = 25*r, -3*r + 22324 = 2*l. What is the remainder when r is divided by 16?
14
Suppose a + 5*f - 9 = 0, 0*a + a + 4*f = 10. Suppose b = 42 + a. Calculate the remainder when b is divided by (-6)/(-6) + -5 - -23.
18
Let v(l) = 25*l**2 + 176*l + 2344. Calculate the remainder when v(-25) is divided by 115.
114
Let i = -413 - -1433. Suppose -17*g + i = -5*g. What is the remainder when g is divided by 11?
8
Suppose 5*t - 9*t - 3*d + 83 = 0, -37 = -t - 4*d. Suppose -2127 = -t*o + 1409. What is the remainder when o is divided by 5?
3
Let k(l) = -12*l - 16. Let n be -3*(3/(12/8) - 1). What is the remainder when k(n) is divided by (-6)/(10/8 - 2)?
4
Let t be (10/4)/(62/124). Suppose -z = -t*p + 152, 4*p + 130 = 8*p + 2*z. What is the remainder when 123 is divided by p?
30
Suppose -2*v + 2 + 8 = 0. Let g = 9199 - 9194. Calculate the remainder when v is divided by g.
0
Let b(j) = -1617*j**3 + 3*j**2 + 5*j + 2. Calculate the remainder when b(-1) is divided by 108.
105
Suppose -5*x - 51 = -6*x - 2*g, 8*x = g + 442. Let c = 1 - -2. Suppose 0 = -c*v - 14 + 74. What is the remainder when x is divided by v?
15
Suppose 3*c = 557*o - 559*o + 292, -4*o + 20 = 0. What is the remainder when c is divided by 13?
3
Suppose -8*y + 517 = -475. Suppose -312 = -0*h - 4*h. Suppose -168 = -82*m + h*m. What is the remainder when y is divided by m?
40
Suppose -8*t - 50 = -3*t. Let m = -8 - t. What is the remainder when 23 is divided by 105/28 - 2*m/(-16)?
3
Let r = 311 - 323. Suppose -2*d - 3*m - 5 = -30, -5*d + 5*m = -25. Calculate the remainder when (4 - (-4)/(16/r))*31 is divided by d.
7
Suppose -24*t = -507 - 669. What is the remainder when 50 is divided by t?
1
Let n = -277 + 278. What is the remainder when 142 is divided by n + 2 + (-350)/(-10)?
28
Let j(z) = -z**2 - 37*z - 190. Suppose -t = -251 - 17. Let l = t - 172. What is the remainder when l is divided by j(-30)?
16
Suppose -194*i - 8992 = -210*i. What is the remainder when i is divided by 7?
2
Suppose 30*q + 6667 = 190237. What is the remainder when q is divided by 68?
67
Let k(z) = 37*z + 729. What is the remainder when k(-19) is divided by 2?
0
Let p(r) = r**3 - 15*r**2 - 15*r + 1. Let b = 102 + -86. Let s be p(b). Suppose -77 = -4*v - s. Calculate the remainder when v is divided by 12.
3
Suppose 0*d = -h - d + 30, -4*d = -3*h + 55. Let f = 17490 + -17477. What is the remainder when h is divided by f?
12
Suppose -58*c + 57*c + 745 = 4*g, -4*g = -2*c + 1550. What is the remainder when c is divided by 14?
9
Let i be (-4)/14*4/((-52)/91). Suppose 504 = 38*g - i*g. What is the remainder when 51 is divided by g?
9
Let v = 287 - 11. Suppose 80*h + v = 86*h. What is the remainder when h is divided by 13?
7
Let g = -166 + 180. Suppose -3016 = -39*y + 35*y. What is the remainder when y is divided by g?
12
Let i = -3193 - -3401. Calculate the remainder when i is divided by 176.
32
Let c = 3219 + -3180. Calculate the remainder when 168 is divided by c.
12
Let q = -385 + -225. Let l = q - -621. Let t = 76 - 35. Calculate the remainder when t is divided by l.
8
Let b(m) = 4*m + 10*m**2 + 4*m - m**3 + 1 + 2*m**3. Suppose -3*s = -5*l - 28, 133*s + 4*l = 129*s + 48. Calculate the remainder when b(-8) is divided by s.
10
Let w = 869 + -784. Let x = w + -49. Calculate the remainder when x is divided by 23.
13
Suppose 0 = -75*v + 72*v - 4*d + 305, 4*d - 210 = -2*v. What is the remainder when 284 is divided by v?
94
Let a = 4285 + -2484. What is the remainder when a is divided by 44?
41
Let h(x) = 18*x + 29. Let u(t) = t. Let z(o) = -h(o) + 6*u(o). Calculate the remainder when z(-6) is divided by 5.
3
Suppose -3*x = x. Suppose 2*g + 4*t - 2 = 100, 4*g + 2*t - 174 = x. Calculate the remainder when g is divided by 0 - 1 - (-105 - -93).
8
Suppose -48 = 5*k - 2*x, 3*k - k + 3*x + 4 = 0. Let r be 22/4 + 4/k. Let z = 1 + r. What is the remainder when 11 is divided by z?
5
Let p(j) = -j**2 - j + 6. Let z be p(-3). Let u(x) = -1 + 434*x**2 - 429*x**2 + z*x + 3*x. Calculate the remainder when 47 is divided by u(1).
5
Let a = 1171 + -1045. Suppose -5*h - 37 = 3*l - 186, -3*h + 87 = l. Calculate the remainder when a is divided by h.
14
Suppose 0 = 72*x + 7*x - 3081. What is the remainder when 300 is divided by x?
27
Let j(v) = -v**2 + 7*v + 4. Let g be j(4). Suppose f + 13 = g. Suppose s + 17 = 4*s - q, -3*s + f*q = -9. What is the remainder when 34 is divided by s?
6
Let p = -1761 + 4109. Calculate the remainder when p is divided by 84.
80
Let a = -134 + 115. Let j(d) = 7*d - 17. Calculate the remainder when j(12) is divided by -1*2*133/a.
11
Let p(d) = -5*d**2 + 28*d - 26. Let l = 85 - 36. Calculate the remainder when l is divided by p(2).
9
What is the remainder when 314 is divided by (-18)/1*(-1150)/345?
14
Let v = -10396 - -11009. What is the remainder when v is divided by 79?
60
Let c = 502 - 500. Suppose -5*n - 143 = -5*f + f, 5*n + f + 133 = 0. Let d = c - n. Calculate the remainder when d is divided by 10.
9
Let r(c) = -29*c - 119. Let b be r(-29). Let h = b - 515. Calculate the remainder when h is divided by 21.
18
Calculate the remainder when 1 + 483 + ((-6)/(-12))/(2/(-24)) is divided by 159.
1
Suppose 2*o - 3*p - 74 = 0, 24 = 16*p - 20*p. What is the remainder when 118 is divided by o?
6
Let w(i) = -2*i**2 + 74*i - 6. Let h be w(37). Let r(p) = -27*p - 148. What is the remainder when 223 is divided by r(h)?
13
What is the remainder when (1 + (-46)/(-2))*(104 + -3) is divided by 101?
0
Let w = 60 - 22. Calculate the remainder when 1/(35443/2530 - 14) is divided by w.
34
Suppose -118460 + 118628 = 14*f. What is the remainder when 434 is divided by f?
2
Let q = -282 - -181. Let o = q - -124. What is the remainder when o is divided by 6?
5
Suppose -4*z - y = -47, -27*z + 25*z - 4*y = -6. Let h = -58 + 74. What is the remainder when h is divided by z?
3
Let n(u) = 9*u + 236. Calculate the remainder when 375 is divided by n(-21).
46
Suppose 73*h - 56*h = 680. What is the remainder when h is divided by 11?
7
Let w = 104 - 22. Suppose -4312 = -448*g + 294*g. Calculate the remainder when w is divided by g.
26
Let v = -11143 + 11210. Calculate the remainder when 348 is divided by v.
13
Let p(u) = u**2 + 16*u + 53. Suppose -5*f + 8 = -112. Calculate the remainder when f is divided by p(-12).
4
Let s(v) = -14*v + 70. Let u be s(5). Suppose u = 3*c + c - 2*g - 102, -3*c + 5*g = -59. Calculate the remainder when 162 is divided by c.
22
Suppose 4*o - 3*f = -35, -5*f = -5*o - 21 - 29. What is the remainder when o - -3*24 - 5 is divided by 13?
10
Let q(h) = h + 6. Let l be q(-3). Suppose 13 + 17 = -l*a. Calculate the remainder when (7 + -127)*4/a is divided by 10.
8
Let m = -2176 + 2284. Suppose 6*k = -0*k + 84. Calculate the remainder when m is divided by k.
10
Let v = 181 + -55. Let j(x) = 753*x + 12093. What is the remainder when v is divided by j(-16)?
36
Suppose -2937*u - 697 = -2954*u. What is the remainder when 2253 is divided by u?
39
Suppose -j = 3*j - 376. Suppose 0 = 2*i - 4*g + 10879 - 10989, 3*g = -5*i + 145. What is the remainder when